uppose 6*h + 5*q = h - 45, -5*h - 21 = -3*q. Let w = h + 9. Suppose -w*p = -o - 70, -4*p - p + 4*o + 112 = 0. List the prime factors of p.
2, 3
Let g = 102 + -33. Let h = g - -4. List the prime factors of h.
73
Let j(q) be the first derivative of q**2/2 - q - 1. Suppose -5*x = 20, 4*l - x + 4*x = 16. What are the prime factors of j(l)?
2, 3
Suppose 42*w - 11285 - 5767 = 0. What are the prime factors of w?
2, 7, 29
List the prime factors of ((-164)/4 - -3)*(-63 - -1).
2, 19, 31
Suppose 0 = 13*f - 4238 + 507. What are the prime factors of f?
7, 41
Suppose -3*r = -4*b - 6*r + 7598, -2*b + 2*r + 3792 = 0. List the prime factors of b.
2, 13, 73
Let f = 2641 + -605. What are the prime factors of f?
2, 509
List the prime factors of 18/1*9116/774.
2, 53
Let z(i) = 4*i**2 + 43*i - 69. List the prime factors of z(20).
3, 797
Let n(o) be the second derivative of -3/2*o**2 - 6*o + 0 - o**3. What are the prime factors of n(-6)?
3, 11
Suppose 2*n = 5*n - 42. Suppose 5*b - n = 1. Suppose 0*h - b*h = -4*m - 68, -16 = -4*m. What are the prime factors of h?
2, 7
Let a = 11 - -1. Let v = a + -9. Suppose 2*h = 4*y - 18, -v*h = y - 6*h - 7. What are the prime factors of y?
2
Suppose 4*c = 5*c - 2, 2*d - 1128 = -2*c. List the prime factors of d.
2, 281
Suppose -5*c - 2*h = -c - 10, 5*h = -2*c - 7. Let f be (-1 + c)/(11 + -10). Suppose -f*b + 4*z + 34 = -2, 4*z - 60 = -3*b. What are the prime factors of b?
2
Let m = 20 - 16. Suppose -a - 2*a - 4*t + 31 = 0, -4*t - 4 = -m*a. Suppose -a*q + 114 = q. What are the prime factors of q?
19
Let w be (-34)/153 - 1354/(-18). Let k = w - 35. List the prime factors of k.
2, 5
Let c(i) be the second derivative of -i**4/12 - 2*i**3/3 - 3*i**2 + 5*i. Let o be c(7). Let j = -54 - o. What are the prime factors of j?
29
Suppose 6*j = j + 195. Let l(x) = -x**3 - 2*x**2 + 3*x - 3. Let v be l(-3). What are the prime factors of (v + 6)*j/9?
13
Let d be (-2)/(2 + (-28)/12). Suppose d*j = -2*j + 576. List the prime factors of j.
2, 3
Let p = 53 - 96. Suppose k + 4*k = 320. Let w = k + p. List the prime factors of w.
3, 7
Let j(g) = 12*g**2 + 13*g**2 + 54*g**2 + 16*g**2. Let z be j(-1). Let k = z - 55. List the prime factors of k.
2, 5
Let s = -1024 + 1712. List the prime factors of s.
2, 43
Let h(l) = 3*l + 4. Let o be (-6)/(-33) - 20/(-11). List the prime factors of h(o).
2, 5
Suppose -16*f + 192 = -12*f. What are the prime factors of f?
2, 3
Let x = -204 - -290. List the prime factors of x.
2, 43
Let v(j) be the third derivative of 1/24*j**4 - 1/120*j**6 + 0*j - 5*j**2 + 1/15*j**5 - 1/3*j**3 + 0. What are the prime factors of v(3)?
2, 5
Let x(r) = r**2. Let n be x(2). Suppose -n*h = -5*s - 0*h + 26, -s = -4*h - 2. Suppose 3*u - s = 0, -2*j = -j - 5*u - 8. What are the prime factors of j?
2, 3
Let w be 10/6 - 8/12. Suppose -f = -3*l - 3, 4*f = -f - l + 15. List the prime factors of 38 + w/(f/(-6)).
2, 3
Suppose 0 = -7*i + 3201 + 24428. List the prime factors of i.
3947
Let t(j) = 99*j + 24. List the prime factors of t(2).
2, 3, 37
Let k(m) = m**3 - 14*m**2 - 22*m + 88. What are the prime factors of k(16)?
2, 31
Suppose 0*f = 15*f - 6975. List the prime factors of f.
3, 5, 31
List the prime factors of (0 + -3)/((-3917)/(-1960) - 2).
2, 5, 7
Let m(b) = 62*b + 294. What are the prime factors of m(21)?
2, 3, 7, 19
Let k = 14 - 12. Let q(v) = 3 + k*v + 5*v - 6 + 2. List the prime factors of q(2).
13
Suppose 18*h - 5192 = -4*h. What are the prime factors of h?
2, 59
Let a = 11 - -1. Let d = -7 + a. Suppose 2*r - d - 3 = 0. List the prime factors of r.
2
Suppose 3*z + 2*x - 1972 = 0, 3*z = 8*z + 5*x - 3285. What are the prime factors of z?
2, 7, 47
Suppose -4*o + 5*o = 6. Suppose n = -7 - o. Let g = n - -52. List the prime factors of g.
3, 13
Let k = 0 + 5. Suppose -f = 3*u - 8, 0 = k*u - 0*u - 5*f. Suppose -u*t - 13 = -w, t - 5*t = -8. List the prime factors of w.
17
Suppose 3*r = 4*d + 5*r + 28, 0 = d + 4*r - 7. Let m(p) = -p**2 - 14*p - 17. List the prime factors of m(d).
2, 7
Let r(s) = s**2 + 3*s + 13. Suppose 0*f + 2*f = -26. List the prime factors of r(f).
11, 13
Let v = -37 - -74. Suppose -2*o + 2 = -4*f, 0 = 3*o + 2*o - 2*f - v. What are the prime factors of o + 3 + (3 - 2)?
13
Let m(v) = -2*v - 9. Let c be m(-4). Let q = -9 - 5. Let y = c - q. What are the prime factors of y?
13
What are the prime factors of (-866 + (-2)/(-2))/((-115)/345)?
3, 5, 173
Suppose -3*v = 4*x + 11, -2*x - 3*v - 9 = 4. List the prime factors of -12*14/(-3)*x.
2, 7
Let y be (-6)/(-4)*(-168)/18. Let c = y - -15. What are the prime factors of 9/(1 + c/(-4))?
2, 3
Let j(h) = 9*h**2 + 3*h - 3. Suppose -5*k = -k - 4*w + 40, -2*w = 5*k + 50. Let v be (-4)/k - (-16)/10. What are the prime factors of j(v)?
3, 13
Let l = 399 + -2. What are the prime factors of l?
397
Let g = 1397 - -2761. List the prime factors of g.
2, 3, 7, 11
Suppose b = 4, -1 + 12 = y + 2*b. Let t = -98 + 102. Suppose -2*q - q + 55 = t*g, y*q = 2*g - 23. What are the prime factors of g?
13
Let b(h) = 6*h + 10. Let t be b(6). Suppose t = 5*p - p - 2*d, 3*p - 62 = -4*d. List the prime factors of p.
2, 7
Suppose -6*q = -2*q + 16. List the prime factors of (-163)/q + (-4)/(-16).
41
Let y(g) = 2*g**2 - 8*g - 15. Let t be y(9). Let i = t - 37. What are the prime factors of i?
2, 19
Let l = -120 + 112. Let x(v) = -280*v - 217. Let q(g) = 9*g + 7. Let u(p) = -63*q(p) - 2*x(p). List the prime factors of u(l).
7
Let z(o) = -149*o**3 + 5*o**2 + 7*o + 2. List the prime factors of z(-2).
2, 3, 5
Let y = 631 + 2448. List the prime factors of y.
3079
Suppose -295 = -r - 2*b, 3*r + 0*b - 890 = -5*b. Suppose 2*x - r = -5. What are the prime factors of x?
2, 3, 5
Suppose -2 = -3*r + 7, 4*r - 2541 = -3*h. What are the prime factors of h?
3, 281
Suppose 2*h + 299 = -4*a + 3*a, -a + 583 = -4*h. Let y = h - -223. List the prime factors of y.
2, 19
Suppose -3*z + 2*v = -64, -4*v - 16 = 4. Suppose -g = -2*g - z. List the prime factors of (g/4)/(10/(-20)).
3
Suppose 8 = o - t - 2*t, 17 = 3*o - 2*t. Let z(l) = 0*l + l**2 + 6 + 2*l - l. List the prime factors of z(o).
2, 3
Let t = 52 + -36. Suppose -3*y + q = -1 - 0, 2*y = 4*q - t. What are the prime factors of y?
2
Let d be (1 - -4)*-41*1. Let x = -46 - d. What are the prime factors of x?
3, 53
Let t = 13 + -9. Suppose -3*k = -t*f + 4, -2*f - 2*k + 24 = 2*k. Suppose 0 = -2*p - 3*l + 23, -p - f*p - 3*l + 35 = 0. What are the prime factors of p?
2
Let f(j) = -j**3 + 14*j**2 - 28*j + 14. Let c be f(11). Suppose -479 = -4*q + c. List the prime factors of q.
137
Let h(y) be the third derivative of y**6/120 + 11*y**5/30 + y**3 + 11*y**2. Let w be h(-22). What are the prime factors of w*((-65)/(-10) - -3)?
3, 19
Let m = -25 - -24. What are the prime factors of (-22)/(210/(-66) - (m + -2))?
11
Let o = 7 + -5. What are the prime factors of 109 + -3 + 3/(-2)*o?
103
Let d = 19 - 15. Suppose -128 = -4*n - d*g, -128 = -4*n - g + 4*g. List the prime factors of n.
2
Let h(b) be the first derivative of b**4/4 + 14*b**3/3 + 8*b**2 - 3*b + 23. List the prime factors of h(-12).
3, 31
Let b be (-4)/4 - (1 + 2). Suppose -4*a + 47 = y, -y = 3*a - 29 - 7. What are the prime factors of (-29 + a)/(3/b)?
2, 3
Let k = 5 - 1. Suppose -17*h = -12*h - 25. Suppose k*j = -3*t + 1 - 9, h*t = 2*j + 30. What are the prime factors of t?
2
Let n(a) = -a**3 - 5*a**2 - 6*a - 3. Let h be n(-4). Suppose -g + 6*g - 5 = 5*o, -o = g + h. What are the prime factors of (-1)/g*-1*-148?
2, 37
Let j = 43 - 3. What are the prime factors of j?
2, 5
Let i(z) = -3*z**2 - 35*z - 13. Let l(x) = -7*x**2 - 70*x - 26. Let b(w) = 5*i(w) - 2*l(w). List the prime factors of b(-9).
13, 17
Let z = 34 + -6. Let t = z - -36. List the prime factors of t.
2
Let x(q) = 9*q - 6. Let f(p) = p + 1. Let j(n) = 2*f(n) - x(n). What are the prime factors of j(-5)?
43
Suppose -23 - 16 = -r. Let g be 4/(-26) - (-123)/r. Suppose 40 = g*p - 23. What are the prime factors of p?
3, 7
Suppose 3524 + 11732 = 8*y. List the prime factors of y.
1907
Let d(j) = 9*j**3 + 2*j**2 + j. Let n be d(-1). Let r = n + 18. Suppose -25 = -b + r. What are the prime factors of b?
5, 7
Let g be -2 - (-6)/(-3 - -4). Suppose -g*f = -0*f - 16. Suppose f*i - 57 = 63. What are the prime factors of i?
2, 3, 5
Let v be (-2980 - -1)/((-9)/12). List the prime factors of (-18)/(